 - 43.
45
What is the value of -137 - (-36 + -31) - -122?
52
-9 + (-21 - -137) + -17 + 14
104
What is (1 - -11) + (11 + -8 + -17 - 2)?
-4
9 + 1 + 1 + (313 + -46 - 284)
-6
Calculate -1 + -13 + (2488 - 2505).
-31
What is 157 + -226 - (-164 + -23)?
118
What is 954 - 937 - (-7 - 3)?
27
13737 + -13629 - (0 - -117)
-9
Evaluate (7 - 17) + 4 - (74 - 41).
-39
What is 3 - (-11 + -5 + -81) - (-2 + 3)?
99
3 + 47 - (25 - (46 + -34))
37
Calculate -80 + -18 + -235 + 290.
-43
Calculate -3 - -152 - (9831 - 9663).
-19
Calculate (7 - (16 + -2)) + -19 - (-38 + 25).
-13
Calculate (8 - 11) + (-7 - -27 - 26).
-9
What is -1 + -1 - 1 - (-211 + -184 + 339)?
53
Calculate 2 + 0 + -93 + (4 - 21 - -13) + 8.
-87
Calculate -53 + 118 + (13 - 45).
33
What is (-34 - -6) + -10 + 34 + 4 + -78?
-78
Calculate -1 + -24 - (-27 + -45 + 21).
26
What is the value of -21 + 16 + (-2 - 7) + (9 - 1) - 61?
-67
Calculate -5 - -28 - (29 - 11) - -42.
47
Calculate -8 + -78 + (5 - ((-3 - -17) + -27)).
-68
What is the value of 11 - 15 - (-8 + -5 + 12 + -3 - 4)?
4
Calculate (9 - (9 - (8 - (7 + -4)))) + 3 - 46.
-38
What is the value of ((-168 - -180) + (-19 - 1) - -8) + 11 - 78?
-67
What is the value of 22 + (-22 - 3) - (11 + -1) - -70?
57
What is the value of 11 - -25 - (-17 + 4 - (-12 - (-11 - -8)))?
40
What is -58 - 3 - (-11 - -2 - (133 + -151) - -2)?
-72
What is the value of -18 - 8 - -17 - (-4 + -37 - -3)?
29
What is the value of (1 - -11) + (14 + -5 - 11) + (-41 - 1)?
-32
What is -7 + 10 + (17 - 20 - -25)?
25
Evaluate (-73 - -32) + -58 + 40.
-59
Calculate 3 + -6 + (-7 - -1) + 20 - (-10 + 21).
0
What is the value of (-29 - -1) + -3 + (35 - -40)?
44
Evaluate -28 - -9 - -24 - ((10 - 21) + -21).
37
What is the value of 67 + 24 + -4 + -40?
47
(71 - (-48 + 103)) + -46 + (4 - 4)
-30
Evaluate 47 + -128 - -63 - -107.
89
What is the value of (4 - 19) + -14 + 17 + 20 - -16?
24
11 + (75 - 29) - (14 + -4)
47
Evaluate -13 + (41 - 24) + (-2 - (3 + 4 + -18)).
13
What is -4 + (16 - 11) + 7 + -39 - 3?
-34
Evaluate 67 - 2 - 3 - (642 - 621).
41
Calculate 40 - (38 - (-48 + 35)).
-11
Calculate -6 - (4 + 27 + -26 + (-16 - 1)).
6
127 - (23 - 1 - (86 - 79 - 2))
110
What is 4 - (-2 - -97) - (-30 - 34 - -65)?
-92
What is -2 - 145 - 1 - (-33372 - -33335)?
-111
-1723 + 1744 + -5 + 0 + -6
10
What is 17 + (-32 - -24 - (-42 - (-4 + -12)))?
35
-3 - 5 - (7 + 8 + -16 + -15) - 89
-81
Calculate 12 - 13 - 12 - -35 - 2.
20
What is 10 - (18 + -13 + -12 - (2 + -92))?
-73
Evaluate (16 + -1 - ((-162 - -59) + 119)) + 0 + 3.
2
Evaluate -33 + -14 + 16 + (-3 - (2 - -1)).
-37
What is the value of -51 + -44 + 75 + -13?
-33
What is the value of 142 + -220 + -60 - -17?
-121
-156 - (5 - 16) - (5 - (16 + -17 + 15))
-136
(-74 + 136 - 130) + 74
6
Evaluate 2 - (1 + -8 - (-6 - (52 - 0))).
-49
-11 - ((25 - 65) + 8 + 53)
-32
What is the value of 7 - -2 - ((115 - 9) + (-53 - -44))?
-88
Evaluate (-1 - (-22 + (-18 - -35))) + 5.
9
Evaluate -412 + 340 + -48 + -3.
-123
24 - (4 - -34 - 12) - -18
16
Calculate 105 + (-14 - 2) + 19 + -2.
106
Evaluate 40 - (336 + -106 - 92).
-98
Evaluate 4 - -1 - ((189 - -181) + -332).
-33
Calculate 29 + (-29 - (3 - 20)) + -9.
8
Evaluate -34 + 67 + (-6 - -22) - (-10 + -13).
72
3 + (83 - 66) + -30
-10
(-78 - ((20 - 9) + -11) - 9) + -1 + 12
-76
Evaluate 7 - (25 + -3 - 4) - (-27 + (20 - 30)).
26
Evaluate (-1 - 18) + (7 + 24 + -19 + -28 - -25).
-10
What is (24 - (-1 - -10)) + -24 + -20?
-29
What is -10 + (-19 - -23 - -17) - ((-1 - 6) + 42)?
-24
What is (-4158 - -4094) + (127 - 0)?
63
What is the value of -1 - -60 - (-1698 - -1715)?
42
Evaluate 5 + 82 - (9 + 12 + -24 + 14 + 1).
75
Calculate (-68 - (-1 + -2 + 0)) + (-9 - (45 - 60)).
-59
Evaluate -31 - -10 - (-2 - 9) - 43.
-53
What is the value of 2 + (-7 + 4 - -1 - -9)?
9
Calculate -7 + 1 + -8 + 16 - (-37 + -1 + -12).
52
Calculate -39 + 11 + (15 - 23 - -20).
-16
Calculate 15 + 24 + (-11 - 8) - 34.
-14
What is the value of (-41 - -3) + -143 + (-140 - -248)?
-73
What is 4 + (25 - -10 - (116 - 83)) + -1 + -8?
-3
What is the value of (0 - (20 - 1)) + (87 - 144) + 48?
-28
(-73 - -40) + -150 - -131
-52
What is the value of (0 + 3 - (21 - (11 + -23 + 35))) + -19?
-14
What is (-2 - -27) + -5238 + 5171?
-42
What is (-65 - -2) + (-102 + 260 - 123)?
-28
Calculate -4 + -5 - ((-32 - 0 - -37) + -22 + 2).
6
What is the value of (100 - -2) + (-36 - 21) + 41?
86
Evaluate 10 + -22 + 5 + -13 + 18.
-2
What is the value of 14 + -15 + 7 - 3 - -33?
36
Evaluate -35 + 50 + 11 + -2 + -35.
-11
What is the value of 26 + 0 + (-130 + 82 - -96)?
74
Evaluate (83695 - 83779) + -1 + (1 - 24).
-108
What is the value of -47 - -124 - 95 - (-18 - 1)?
1
Calculate -4 - (92 + -112 + 12 + 4 + 0).
0
Evaluate 5 - (-10 - (2 - 0)) - (-16 + 6 - 1).
28
What is (-4 - -3) + -22 + 68?
45
What is the value of (-3 - -153) + (897 - 1006)?
41
What is (108 + -42 - 43) + -5?
18
Evaluate (-41 + 11 - 29) + 17.
-42
What is (-4 - -12 - (25 + -2)) + -2 + -77 - -7?
-87
What is (2 - -60) + -3823 + 3772?
11
What is the value of 493 + 181 + -695 + (-121 - 1) + 0?
-143
Evaluate 32 - -3 - (-54 - (56 - 117)).
28
What is 9 + -5 + 0 - (-49 - -98 - (4 + -19))?
-60
What is (1 - 110 - -1) + 5 + 15 + -16?
-104
What is the value of 9 + (-10 - (35 - -4))?
-40
What is -2 - -14 - (97 + 20 + -79)?
-26
(8 - 17) + (6 + 1 - 3)
-5
Evaluate (0 - -57 - (-5622 - -5667)) + -1 + -80.
-69
What is the value of -46 + -12 - (-158 + 16)?
84
28 + -1 - (-55 + -49 + 103)
28
Evaluate (-2 - -5) + (5 - -5 - (-21 - 3)).
37
40 + (-24 - -48) + (5 - -1) - 8
62
Evaluate -5 + -3 + (3 - 0 - (-20 + 15)) - -91.
91
What is -1 - -5 - (7 + -60 - (-110 - -106))?
53
What is 102 + -78 - (29 + -8) - (-67 - -1)?
69
Evaluate (29 + -36 - 1) + (11 - 5 - -1 - 4).
-5
What is 63 + (148 - (-5 + 95))?
121
Evaluate -67 + 63 - (-5 + 11 + 65) - (0 - -9).
-84
42 - (56 - (-50 - -121)) - (1 - 0 - -2)
54
Calculate -50 - ((42 - 93) + -35).
36
-3 - ((0 - (-5 + -3)) + -12 - -16)
-15
(948 - 936) + 2 + -3
11
Calculate 23 - (74 + -49 - -1).
-3
What is the value of (54 - 119) + 8 - 15?
-72
-8 - (8 + -2 + (3 + 20 - -7) + -7)
-37
Evaluate -7 + 5 - (25 - (-14 + 36)) - -79.
74
Calculate (29 + -28 - 37 - 8) + -32.
-76
What is (1 - -8 - (0 + -22)) + -12 + -3?
16
Evaluate 13 - (-1043 + 1015 + -1 + 66).
-24
(-13 - (-20 + -8 + 11)) + 11
15
34 + -4 + -114 + 67
-17
Evaluate 10 - (-31 + (-16 - -43) - (-1 + -8 + 1)).
6
Calculate 0 - 53 - (-769 + 716).
0
(71 - (-79 + 132)) + 72
90
Evaluate 28 - (-67 + 195 + -60).
-40
Evaluate -17 - (28 + (-22 - 21)) - -15 - (1 - 7).
19
What is 31 + -16 - (12 - -2 - (-42 + -51))?
-92
-25 + 1 + -1331 + 1338 + 3 + 60
46
Calculate (63 - (69 - 52)) + (-13 - 0).
33
Calculate (-67 - (-246 + 161)) + -98 + 0 + -1.
-81
Calculate 53 + 44 - 110 - (1 - (67 + -2)).
51
What is 152 + -157 - ((5 - 1 - (-11 + 12)) + -63)?
55
What is the value of -95 + 200 - 51 - -39?
93
-3 + -1 + 17 + -11 - -63
65
What is 54 - (-17 + (11 - -6))?
54
What is 80 - 100 - (-5 - 3)?
-12
Calculate (1 - 26) + 65 + -94 - (-3 - -1).
-52
(1 - (29 - 15) - -24) + -33 + -7
-29
What is the value of -121 + (-17 - (-19 - 13)) + 14 + -16?
-108
What is the value of -59 - (-16 + (-52 - -30))?
-21
Calculate -16 + 7 + -69 - -92.
14
What is 4 + -1 + (3 + (14 - (-24 + 31)) - 0)?
13
What is -5 + -1 + (47 - -61 - 104)?
-2
-8 - (4 + (-9 - -2) + 0 + 29 + 1)
-35
What is 61 + -126 - -5 - (-6 - 33)?
-21
Calculate (5 + -4 - 3) + -10 + -1 - (20 + -17).
-16
Evaluate 6 + -3 + 12 + (12 - (16 + -16)) + -16.
11
Evaluate 1317 + -1309 - (40 - 3).
-29
(-108 + 164 - 85) + 20 + -1
-10
33 + 2289 + -2286 + (-32 - -1)
5
Evaluate ((-16 - -2) + 57 - 10) + (2 - -6).
41
Evaluate 238 + -305 - (1 + -40).
-28
-96 + (-13 + -4 - (-112 - -71))
-72
What is the value of -21 + (-15 - (-22 - (2 + -7)))?
-19
Evaluate 1 + (23 - (11 - 11)) + -33.
-9
Evaluate 63 - (8 - -34) - (3 + -7).
25
Evaluate -40 - -64 - -36 - 64.
-4
Calculate 39 - (5 + 136) - 18 - -3.
-117
What is (13 - -5) + 70 + -92 + 25?
21
Evaluate 63 + (-21 - (34 + -40)).
48
What is the value of 1 - (2 + -4) - (-580 + 579)?
4
What is the value of 189 - 183 - (-1 - 77 - (22 + -18)) - -5?
93
Evaluate 61 + (1 + -4 - 2) + (193 - 188) - -12.
73
-1 + 101 + -36 + (42 - 13) + (-3 - 2)
88
What is (55 - 52 - (39 - 15)) + -63 + 0?
-84
18 + (-12 - ((22 - 27) + 14)) + 106
103
What is -6 + 7 + (-22 - -25 - 0)?
4
What is the value of -3 + 13 + 33 